r**2 - 17*r + 72. Give k(15).
42
Let u(b) = 58*b + 810. Calculate u(-14).
-2
Let j(c) = 2*c**3 - 5*c**2 - 422*c - 154. Determine j(16).
6
Let k(m) = 637*m - 1391. What is k(2)?
-117
Let r(b) = 4*b**2 - 707*b + 30876. Give r(98).
6
Let j(h) = -61*h**2 - 15614*h + 504. Calculate j(-256).
-8
Let f(p) = 2*p + 60. Determine f(-3).
54
Let h(u) = u**3 - 3*u**2 - 6*u + 6. Determine h(8).
278
Let i(k) = -17*k**3 - 7*k**2 - 16*k - 16. Determine i(-1).
10
Let w(g) = -8*g**3 - 6*g**2 - 6*g. Calculate w(-1).
8
Let v(a) = 18*a + 659. What is v(-38)?
-25
Let a(k) = 157*k + 733. Calculate a(-5).
-52
Let m(y) = -80*y + 7. Give m(0).
7
Let l(p) = 41260*p - 247568. What is l(6)?
-8
Let k(b) = b**3 + 47*b**2 + 289*b + 61. Calculate k(-40).
-299
Let o(b) = b**3 + 426*b**2 - b - 429. Give o(-426).
-3
Let j(y) = -21*y + 283. Determine j(17).
-74
Let s(r) = 29*r - 4902. Give s(167).
-59
Let t(k) = k**2 - 3*k - 507. Calculate t(24).
-3
Let m(v) = -32*v**3 + 3*v**2 - 55*v - 57. Calculate m(-1).
33
Let o(v) = -215*v**2 - 1294*v - 12. Determine o(-6).
12
Let z(x) = -6*x + 554. Give z(92).
2
Let j(d) = -60*d - 52. Calculate j(-1).
8
Let w(g) = -147*g**3 + g**2 - 6*g - 5. Determine w(-1).
149
Let w(p) = 20*p**3 - 5*p**2 + 17*p - 19. Determine w(2).
155
Let j(l) = 46*l + 351. Calculate j(-7).
29
Let g(h) = h**3 + 39*h**2 + 285*h - 14. Determine g(-10).
36
Let x(r) = 240*r**2 + 2*r. Determine x(1).
242
Let q(i) = 4*i**2 + 78*i + 2. Determine q(-7).
-348
Let j(f) = 4*f + 165. Calculate j(-17).
97
Let j(t) = -t**2 - 139*t - 637. Determine j(-5).
33
Let w(d) = -d + 70. What is w(10)?
60
Let c(x) = 113*x**2 + 21*x + 7. Determine c(-1).
99
Let y(q) = 18*q**3 + 9*q**2 - 12. Calculate y(1).
15
Let k(l) = -l**3 + 10*l**2 - 31*l + 93. Give k(7).
23
Let s(d) = -2*d**3 - 15*d**2 - 30*d - 79. Give s(-6).
-7
Let m(j) = 3*j**3 - 133*j**2 - 58*j - 1446. What is m(45)?
-6
Let z(v) = 6*v**3 + 80*v**2 + 23*v - 52. Calculate z(-13).
-13
Let m(o) = -o**2 + 100*o - 195. Give m(98).
1
Let i(g) = 540*g**2 + 545*g + 1. Determine i(-1).
-4
Let a(h) = 3*h**2 - 15*h - 46. Calculate a(-4).
62
Let b(w) = -w**3 + 3*w**2 + 77*w - 350. What is b(7)?
-7
Let b(y) = y**3 - 3*y**2 + 20*y + 55. What is b(-6)?
-389
Let t(v) = -288*v + 6365. Calculate t(22).
29
Let q(f) = -524*f + 5170. What is q(10)?
-70
Let y(j) = -8*j**3 - 2*j**2 + 2*j + 2. Give y(-2).
54
Let m(z) = -144*z + 8644. Calculate m(60).
4
Let j(v) = 2*v**3 + 387*v**2 + 583*v + 1367. Give j(-192).
23
Let w(s) = -2*s**2 + 196*s - 175. Calculate w(97).
19
Let w(f) = -f**3 + 20*f**2 - 62*f - 19. Determine w(16).
13
Let h(g) = g**2 + 283*g + 19208. Calculate h(-113).
-2
Let v(m) = -m**2 + 2314*m + 2316. What is v(-1)?
1
Let a(r) = 16*r**2 + 208*r - 11. What is a(-14)?
213
Let g(q) = 30*q - 3656. Give g(122).
4
Let r(k) = -k**3 + 5*k**2 - 22*k + 137. Determine r(6).
-31
Let t(w) = -109*w**2 + 7*w + 15. Give t(-1).
-101
Let n(z) = -968*z - 7757. Determine n(-8).
-13
Let f(a) = -32*a**3 - 13*a**2 + 13*a. Calculate f(1).
-32
Let w(z) = -34*z**2 + 13*z - 2. Calculate w(-4).
-598
Let w(a) = -a**3 - 2*a**2 + 25*a - 32. What is w(3)?
-2
Let y(w) = 2*w**2 - 44*w + 7. Determine y(18).
-137
Let b(a) = -2*a**3 + 11*a**2 - 29*a + 107. Determine b(5).
-13
Let m(x) = x**2 + 29*x - 111. Determine m(0).
-111
Let b(s) = 7*s**2 - 16*s - 25. Calculate b(8).
295
Let v(j) = -2*j**2 + 35*j + 164. Determine v(-10).
-386
Let w(h) = 92*h + 305. Calculate w(-3).
29
Let l(s) = s**3 + s**2 + 12*s - 10. Determine l(3).
62
Let m(v) = 2*v**2 + 15*v - 37. Calculate m(7).
166
Let b(j) = 3*j**2 + 89*j + 308. Determine b(-25).
-42
Let y(z) = -1254*z - 5023. Give y(-4).
-7
Let y(b) = -3*b + 1. Give y(-14).
43
Let r(y) = y**3 + 9*y**2 + 37*y + 177. What is r(-6)?
63
Let o(k) = 28*k - 890. What is o(32)?
6
Let m(u) = -135*u**2 + 2*u + 2. What is m(-1)?
-135
Let h(c) = 11*c**3 - 276*c**2 + 1408*c - 49. Calculate h(18).
23
Let q(w) = -w**3 - 13*w**2 - 52*w - 11. Give q(-5).
49
Let j(n) = 7*n**3 - 7*n**2 - 31*n - 24. Calculate j(-1).
-7
Let t(c) = 7*c**3 + c**2 - 268*c - 268. Give t(-1).
-6
Let l(j) = -2*j**3 - 76*j**2 - 67*j + 146. Give l(-37).
-113
Let x(h) = 8*h + 177. What is x(-19)?
25
Let p(l) = l**2 - 14*l - 4031. Give p(71).
16
Let r(i) = 131*i + 777. Calculate r(-6).
-9
Let o(t) = -29*t - 241. What is o(-6)?
-67
Let h(f) = 22*f**3 + 199*f**2 + 6*f + 16. Give h(-9).
43
Let w(q) = 107*q - 683. Calculate w(6).
-41
Let l(f) = 2*f**2 + 139*f - 91. Give l(-71).
122
Let h(z) = -63*z - 123. Determine h(-2).
3
Let o(n) = -n**2 - 24*n - 110. Give o(-7).
9
Let n(u) = 6*u + 131. Give n(-16).
35
Let d(y) = -7*y**2 + 54*y + 130. What is d(-2)?
-6
Let i(c) = -4*c**2 - 35*c - 79. What is i(-4)?
-3
Let w(b) = -1622*b + 16203. Determine w(10).
-17
Let f(s) = s**3 + 22*s - 93. What is f(7)?
404
Let d(z) = -8*z**2 + 1558*z - 4641. Calculate d(3).
-39
Let r(l) = 1294*l - 12929. Determine r(10).
11
Let r(z) = -z**2 + 254*z - 15684. Calculate r(148).
4
Let o(m) = -m**2 - 53*m - 240. Determine o(-10).
190
Let h(z) = -14*z**2 + 1544*z - 436. Calculate h(110).
4
Let f(w) = 3*w**3 + 12*w**2 - 7*w + 32. Calculate f(3).
200
Let f(h) = 5*h + 57. What is f(-11)?
2
Let c(y) = y**3 + 22*y**2 + 50*y - 66. What is c(-15)?
759
Let y(b) = -23*b + 40. Calculate y(-6).
178
Let w(l) = 46*l - 4463. Determine w(97).
-1
Let l(g) = -g**2 + 85*g + 742. What is l(-8)?
-2
Let c(m) = -m**3 - 4*m**2 + 16*m - 420. Calculate c(-10).
20
Let o(r) = r**3 - 25*r**2 + 149*r + 29. What is o(13)?
-62
Let m(j) = 5*j**3 - 2*j**2 - 2*j - 14. What is m(3)?
97
Let n(y) = -167*y - 663. Determine n(-4).
5
Let c(n) = 20*n**3 - 3*n**2 + 171*n - 341. Determine c(2).
149
Let u(x) = 4*x**3 - 204*x**2 - 2*x + 79. Calculate u(51).
-23
Let c(y) = -y**3 + 9*y**2 - 25*y + 51. Calculate c(8).
-85
Let d(x) = -x - 218. Calculate d(38).
-256
Let b(h) = -h**3 + 90*h - 6. Calculate b(-10).
94
Let q(r) = -r**3 - 13*r**2 + 9*r + 109. What is q(-13)?
-8
Let v(k) = -2*k**3 - k**2 - 10*k - 5. What is v(-5)?
270
Let h(a) = a**3 - a**2 + 5*a - 216. Determine h(0).
-216
Let i(p) = 134*p**2 + 14*p - 16. Give i(1).
132
Let y(o) = 51*o - 461. What is y(12)?
151
Let q(m) = m**3 + 5*m**2 - m - 48. Give q(-6).
-78
Let g(l) = 2*l**3 - 18*l**2 + 75*l - 944. What is g(10)?
6
Let d(f) = -180*f - 6657. What is d(-37)?
3
Let b(h) = h**3 + 50*h**2 + 52*h + 215. What is b(-49)?
68
Let t(z) = 100*z - 698. What is t(7)?
2
Let o(n) = -29*n - 121. Give o(-8).
111
Let j(x) = -36*x + 157. Calculate j(12).
-275
Let p(a) = 3*a**3 - 15*a**2 + a + 16. Determine p(5).
21
Let t(p) = 4*p**3 - 5*p**2 + 22*p - 64. What is t(4)?
200
Let y(u) = 159*u + 9218. Calculate y(-58).
-4
Let k(q) = -34*q - 525. Determine k(-10).
-185
Let v(d) = -68*d - 843. Determine v(-11).
-95
Let i(w) = -w**3 + 5*w**2 + 32*w - 138. Determine i(6).
18
Let z(t) = 487*t + 5344. Give z(-11).
-13
Let o(l) = -l**3 - 25*l**2 + 68*l + 33. What is o(-28)?
481
Let a(g) = -632*g + 12014. Determine a(19).
6
Let k(j) = -8*j**3 + 2*j - 42. Calculate k(0).
-42
Let z(h) = -h**2 + 15*h + 423. Give z(14).
437
Let b(o) = 14*o**3 + 6*o**2 + 16*o - 33. Determine b(2).
135
Let c(f) = 1099*f + 13196. Calculate c(-12).
8
Let f(u) = -38*u + 160. What is f(8)?
-144
Let z(x) = x**3 + 21*x**2 + 34*x + 5. Determine z(-19).
81
Let d(c) = -604*c + 2451. Determine d(4).
35
Let h(n) = -5*n**3 + n. What is h(2)?
-38
Let y(r) = r**2 + 44*r + 105. Give y(0).
105
Let w(s) = 932*s - 13978. Determine w(15).
2
Let b(s) = s**3 - 51*s**2 + 597*s - 53. Determine b(18).
1
Let t(g) = -8*g - 110. Give t(-2).
-94
Let q(w) = -15*w**2 - 377*w - 9. Give q(-25).
41
Let p(n) = 56*n**2 - 811*n + 378. What is p(14)?
0
Let p(b) = -8*b**3 - 2*b**2 - 60*b - 122. Calculate p(-2).
54
Let x(i) = -2284*i + 16001. What is x(7)?
13
Let z(y) = -y**3 - 6*y**2 - 3*y + 17. Give z(-6).
35
Let m(u) = -483*u + 5787. Calculate m(12).
-9
Let m(v) = 31*v - 1926. What is m(52)?
-314
Let g(b) = 2818*b + 19726. What is g(-7)?
0
Let p(r) = -r**3 - 9*r**2 - 2*r - 51. Give p(-7).
-135
Let x(h) = 3*h**2 + 143*h + 1400. Calculate x(-33).
-52
Let r(l) = -565*l - 2286. Calculate r(-4).
-26
Let z(w) = -3374*w - 20236. Calculate z(-6).
8
Let t(r) = r**3 - 27*r**2 + 27*r + 13. Determine t(26).
39
Let k(t) = 27*t + 4. Calculate k(-10).
-266
Let t(a) = 70*a + 551. Give t(-8).
-9
Let y(h) = -7*h**3 - 70*h**2 